mber?
True
Is 1502201 composite?
False
Is 66085 composite?
True
Is 159539 a composite number?
False
Is 301153 a composite number?
False
Is 17159 a prime number?
True
Is 55193 a composite number?
True
Is 305717 composite?
False
Is 13607 prime?
False
Is 299311 a composite number?
False
Is 88211 prime?
True
Is 5261 a prime number?
True
Is 889 composite?
True
Is 373495 a prime number?
False
Is 73049 a prime number?
False
Is 33377 prime?
True
Is 273403 prime?
False
Is 7251 a prime number?
False
Is 12113 a composite number?
False
Is 11299 composite?
False
Is 820159 a composite number?
True
Is 41201 composite?
False
Is 24407 a composite number?
False
Is 419 a composite number?
False
Is 61853 a composite number?
True
Is 700955 a composite number?
True
Is 41487 composite?
True
Is 7403 a composite number?
True
Is 797813 composite?
False
Is 1646347 prime?
True
Is 162323 a prime number?
False
Is 220821 composite?
True
Is 10577 prime?
False
Is 598571 prime?
True
Is 31303 a composite number?
True
Is 637697 a composite number?
True
Is 614591 a composite number?
True
Is 7241 prime?
False
Is 5249051 a composite number?
False
Is 11665 a composite number?
True
Is 1852593 a prime number?
False
Is 59287 composite?
True
Is 1543931 prime?
False
Is 18229 composite?
False
Is 91183 composite?
False
Is 6743 prime?
False
Is 35367 a composite number?
True
Is 1988419 a composite number?
True
Is 2503 composite?
False
Is 493 a prime number?
False
Is 7915 a prime number?
False
Is 182081 a composite number?
True
Is 7909 a composite number?
True
Is 35393 composite?
False
Is 113293 composite?
True
Is 79459 composite?
True
Is 1382309 a composite number?
False
Is 1269631 composite?
True
Is 10623 prime?
False
Is 213791 composite?
False
Is 83101 prime?
True
Is 861121 a composite number?
False
Is 7255 prime?
False
Is 5627 a composite number?
True
Is 9941 a composite number?
False
Is 90583 a composite number?
False
Is 48809 prime?
True
Is 1569 a prime number?
False
Is 209687 a composite number?
False
Is 1060343 composite?
False
Is 323861 prime?
False
Is 854027 a composite number?
True
Is 187517 a composite number?
True
Is 1087 a composite number?
False
Is 24361 prime?
False
Is 210517 composite?
True
Is 388487 prime?
False
Is 471161 a composite number?
False
Is 138857 a prime number?
False
Is 102353 composite?
True
Is 32483 prime?
False
Is 2110819 a composite number?
True
Is 96427 a composite number?
True
Is 917 a prime number?
False
Is 9917 prime?
False
Is 6779 a composite number?
False
Is 521 composite?
False
Is 3979 a composite number?
True
Is 35201 composite?
False
Is 629237 composite?
True
Is 81817 prime?
True
Is 53683 composite?
True
Is 18137 a prime number?
False
Is 285977 composite?
False
Is 170069 a prime number?
False
Is 7177 composite?
False
Is 377857 prime?
False
Is 257371 a composite number?
False
Is 89023 a composite number?
True
Is 357961 a prime number?
False
Is 18947 a prime number?
True
Is 104735 a prime number?
False
Is 1399955 a prime number?
False
Is 2503559 a composite number?
False
Is 145699 prime?
False
Is 36847 a prime number?
True
Is 26889 composite?
True
Is 2127955 composite?
True
Is 11693 prime?
False
Is 5623 a prime number?
True
Is 514561 composite?
False
Is 62185 prime?
False
Is 66329 prime?
False
Is 75307 prime?
True
Is 91159 prime?
True
Is 579473 a prime number?
True
Is 153509 prime?
True
Is 35191 a prime number?
False
Is 1486 prime?
False
Is 119227 composite?
False
Is 213713 composite?
False
Is 5953 composite?
False
Is 1555051 a composite number?
False
Is 43535 composite?
True
Is 2856695 prime?
False
Is 42505 prime?
False
Is 46381 prime?
True
Is 3809 composite?
True
Is 29353 composite?
True
Is 67291 a composite number?
True
Is 30743 a composite number?
True
Is 1461 a composite number?
True
Is 1537 a composite number?
True
Is 112481 prime?
True
Is 24031 a prime number?
False
Is 180551 a composite number?
True
Is 1846283 composite?
False
Is 31897 a composite number?
True
Is 211129 composite?
False
Is 2411 composite?
False
Is 355 a prime number?
False
Is 3989 composite?
False
Is 73987 a composite number?
True
Is 174649 composite?
False
Is 1382 prime?
False
Is 8583 a composite number?
True
Is 2767 prime?
True
Is 2179 prime?
True
Is 199141 composite?
True
Is 2203 prime?
True
Is 13367 a composite number?
False
Is 7379 a prime number?
False
Is 2842351 a prime number?
True
Is 149 a composite number?
False
Is 34582 prime?
False
Is 122147 prime?
True
Is 2767 a prime number?
True
Is 733379 a prime number?
False
Is 13099 composite?
False
Is 787 prime?
True
Is 53653 a prime number?
True
Is 247691 a prime number?
True
Is 1801 prime?
True
Is 4135 composite?
True
Is 18553 a composite number?
False
Is 174813 composite?
True
Is 32811 a composite number?
True
Is 34415 composite?
True
Is 31721 prime?
True
Is 22613 a composite number?
False
Is 3589 a prime number?
False
Is 1643 a prime number?
False
Is 19831 a prime number?
False
Is 379 composite?
False
Is 4151 composite?
True
Is 392423 a composite number?
False
Is 123069 prime?
False
Is 123239 prime?
True
Is 40277 composite?
False
Is 40459 a composite number?
False
Is 173003 a prime number?
False
Is 4727 a prime number?
False
Is 1067 prime?
False
Is 344521 composite?
True
Is 26539 composite?
False
Is 262303 prime?
True
Is 703 a composite number?
True
Is 262937 composite?
False
Is 5789 composite?
True
Is 133 prime?
False
Is 195695 prime?
False
Is 3261 prime?
False
Is 7745 a composite number?
True
Is 19103 composite?
True
Is 19409 prime?
False
Is 33457 prime?
True
Is 3047 a prime number?
False
Is 1479449 a prime number?
True
Is 14439 composite?
True
Is 15727 composite?
False
Is 164713 composite?
True
Is 54059 a prime number?
True
Is 152377 prime?
True
Is 3254 a prime number?
False
Is 25003 composite?
True
Is 308569 composite?
False
Is 142867 a composite number?
False
Is 769 prime?
True
Is 284293 prime?
True
Is 7141 a composite number?
True
Is 5639 a composite number?
False
Is 4091 prime?
True
Is 469607 composite?
True
Is 46114 a composite number?
True
Is 56993 prime?
True
Is 50311 a composite number?
False
Is 322723 a composite number?
True
Is 361159 a prime number?
True
Is 989231 a prime number?
True
Is 112109 a composite number?
True
Is 109702 a composite number?
True
Is 13157 a prime number?
False
Is 7043 a composite number?
False
Is 15487 prime?
False
Is 190337 prime?
False
Is 268883 a prime number?
True
Is 2503 a prime number?
True
Is 681647 a composite number?
False
Is 944369 a prime number?
True
Is 1464917 a composite number?
False
Is 1706 a prime number?
False
Is 175463 a composite number?
False
Is 59531 a prime number?
False
Is 3137 composite?
False
Is 22901 prime?
True
Is 1399 a prime number?
True
Is 260437 a composite number?
True
Is 8641 composite?
False
Is 131891 a prime number?
True
Is 12247 a prime number?
False
Is 458765 prime?
False
Is 219071 composite?
False
Is 223357 prime?
False
Is 44159 a prime number?
True
Is 641 prime?
True
Is 33311 prime?
True
Is 77813 a prime number?
True
Is 39651 composite?
True
Is 2129 prime?
True
Is 14029 a prime number?
True
Is 1249559 prime?
True
Is 2559 composite?
True
Is 447691 composite?
True
Is 674197 a prime number?
False
Is 2939 composite?
False
Is 879 prime?
False
Is 1313 a prime number?
False
Is 463 a prime number?
True
Is 945179 a composite number?
False
Is 2609 composite?
False
Is 2202806 prime?
False
Is 1454 composite?
True
Is 48647 prime?
True
Is 541 prime?
True
Is 2806979 composite?
True
Is 11959 a composite number?
False
Is 23503 a composite number?
True
Is 177697 a composite number?
True
Is 10411 prime?
False
Is 4987 composite?
False
Is 154255 a prime number?
False
Is 21377 a prime number?
True
Is 394843 a composite number?
True
Is 57569 a prime number?
False
Is 27601 composite?
True
Is 98597 prime?
True
Is 14923 a prime number?
True
Is 32107 prime?
False
Is 4171 a prime number?
False
Is 1507 a prime number?
False
Is 8147 a prime number?
True
Is 410203 a composite number?
False
Is 6074 prime?
False
Is 192251 a composite number?
False
Is 90583 prime?
True
Is 95977 composite?
True
Is 19531 a composite number?
False
Is 3039 prime?
False
Is 1053809 a composite number?
False
Is 22937 a composite number?
False
Is 878 a composite number?
True
Is 296969 a prime numbe